es 54 divide 2269836?
True
Is 47 a factor of 107778?
False
Is 67320 a multiple of 6?
True
Is 503558 a multiple of 282?
False
Is 203 a factor of 163165?
False
Does 103 divide 13203?
False
Is 240486 a multiple of 3?
True
Does 7 divide 7372480?
False
Does 36 divide 47808?
True
Is 13 a factor of 56745?
True
Does 265 divide 4621335?
True
Does 181 divide 1768205?
False
Does 1289 divide 4987655?
False
Does 35 divide 29315?
False
Is 126 a factor of 30240?
True
Is 3 a factor of 2953854?
True
Is 86 a factor of 698223?
False
Is 9 a factor of 5137?
False
Is 3176579 a multiple of 78?
False
Is 108549 a multiple of 21?
True
Does 143 divide 70909?
False
Is 353 a factor of 576809?
False
Does 527 divide 542810?
True
Is 33 a factor of 4543188?
False
Is 22 a factor of 467947?
False
Is 292348 a multiple of 2?
True
Is 2153113 a multiple of 2?
False
Is 594 a factor of 108101?
False
Is 9756484 a multiple of 408?
False
Is 86792 even?
True
Does 36 divide 6528988?
False
Is 410538 a multiple of 6?
True
Is 2002 a factor of 7571564?
True
Is 5812576 a multiple of 784?
True
Is 75 a factor of 3630150?
True
Is 4058160 a multiple of 148?
True
Is 74 a factor of 7135894?
True
Is 873344 a multiple of 64?
True
Does 111 divide 9102777?
True
Is 13881100 a multiple of 797?
False
Is 14208 a multiple of 37?
True
Is 14625 a multiple of 25?
True
Is 16 a factor of 32608?
True
Is 228 a factor of 66184?
False
Is 57 a factor of 300007?
False
Does 9 divide 46890?
True
Does 445 divide 429859?
False
Is 7 a factor of 220148?
False
Does 15 divide 12839583?
False
Is 1009 a factor of 9018645?
False
Is 5833 even?
False
Is 252 a factor of 3315564?
True
Is 166138 a multiple of 14?
True
Is 157 a factor of 11257095?
False
Is 163304 a multiple of 596?
True
Is 508 a factor of 556768?
True
Is 73350 a multiple of 5?
True
Is 2082962 a multiple of 14?
True
Does 288 divide 19414368?
True
Is 7357855 a multiple of 107?
True
Is 1827189 a multiple of 586?
False
Is 21 a factor of 91368?
False
Is 103 a factor of 1645528?
True
Is 25 a factor of 75450?
True
Is 6161651 a multiple of 1775?
False
Is 775 a factor of 1219551?
False
Is 113368 a multiple of 296?
True
Is 24696 a multiple of 250?
False
Does 10 divide 38179?
False
Is 872483 a multiple of 243?
False
Is 258875 a multiple of 109?
True
Does 16 divide 836637?
False
Is 4819927 a multiple of 21?
False
Is 517357 a multiple of 55?
False
Is 76839 a multiple of 104?
False
Is 305 a factor of 19910?
False
Is 100446 a multiple of 123?
False
Does 11 divide 15690?
False
Does 27 divide 294510?
False
Is 36093 a multiple of 60?
False
Is 34 a factor of 246552?
False
Does 20 divide 6354107?
False
Is 132 a factor of 408321?
False
Is 2870651 a multiple of 10?
False
Does 5 divide 1780493?
False
Is 5 a factor of 17400?
True
Is 106 a factor of 2954142?
False
Is 691296 a multiple of 114?
True
Is 9351670 a multiple of 1457?
False
Does 63 divide 1890?
True
Is 155449 a multiple of 371?
True
Is 60 a factor of 689283?
False
Is 446208 a multiple of 12?
True
Is 9122 a multiple of 103?
False
Is 3 a factor of 147235?
False
Is 32 a factor of 202592?
True
Is 436 a factor of 2953464?
True
Does 164 divide 2005391?
False
Is 26269 a multiple of 35?
False
Is 1173859 a multiple of 157?
False
Does 112 divide 1629152?
True
Is 4851 a multiple of 49?
True
Does 76 divide 590236?
False
Is 22 a factor of 620246?
True
Is 68 a factor of 236368?
True
Does 212 divide 1703208?
True
Is 6481443 a multiple of 11?
False
Does 58 divide 5836367?
False
Is 143 a factor of 455055?
False
Does 13 divide 579204?
False
Is 190936 a multiple of 8?
True
Is 4635378 a multiple of 380?
False
Is 5186895 a multiple of 35?
True
Is 49 a factor of 20019?
False
Does 109 divide 471512?
False
Is 12721831 a multiple of 17?
True
Is 938 a factor of 76916?
True
Is 1178944 a multiple of 13?
True
Is 4582344 a multiple of 11?
False
Does 673 divide 2230995?
True
Is 1233 a factor of 5881410?
True
Does 4 divide 68263?
False
Does 1008 divide 1420326?
False
Is 96 a factor of 1273797?
False
Is 70634 a multiple of 156?
False
Is 32 a factor of 138339?
False
Is 5 a factor of 5329973?
False
Is 12 a factor of 15457399?
False
Does 8 divide 4503152?
True
Is 4233840 a multiple of 12?
True
Does 17 divide 4709255?
True
Is 21878059 a multiple of 34?
False
Is 2839509 a multiple of 32?
False
Is 10400532 a multiple of 1156?
True
Does 14 divide 772080?
False
Does 39 divide 1065714?
True
Is 206104 a multiple of 21?
False
Is 39 a factor of 277719?
True
Is 9747 a multiple of 171?
True
Does 285 divide 2802213?
False
Does 247 divide 41249?
True
Does 7 divide 38540?
False
Does 6 divide 152442?
True
Is 161028 a multiple of 18?
True
Is 91224 a multiple of 126?
True
Is 16469 a multiple of 31?
False
Is 14 a factor of 1390382?
True
Is 32 a factor of 111008?
True
Does 328 divide 438208?
True
Does 6 divide 277258?
False
Is 75468 a multiple of 76?
True
Is 16 a factor of 4492787?
False
Is 37466 a multiple of 143?
True
Does 17 divide 408085?
True
Does 75 divide 50276?
False
Does 3 divide 1555620?
True
Does 13 divide 3021967?
True
Is 58336 a multiple of 239?
False
Does 7 divide 2544094?
True
Is 228 a factor of 2863627?
False
Is 4185664 a multiple of 64?
True
Is 45 a factor of 89955?
True
Does 16 divide 819185?
False
Is 8598590 a multiple of 42?
False
Is 37240 a multiple of 20?
True
Is 145 a factor of 300261?
False
Is 17 a factor of 51323?
True
Is 16 a factor of 7163215?
False
Is 69 a factor of 876343?
False
Does 8 divide 7398186?
False
Is 145230 a multiple of 5?
True
Is 237 a factor of 1440723?
True
Is 586106 a multiple of 16?
False
Is 156 a factor of 2661828?
True
Is 3 a factor of 9786522?
True
Does 40 divide 2434440?
True
Does 3 divide 185984?
False
Is 48754 a multiple of 19?
True
Is 269732 a multiple of 32?
False
Is 653196 a multiple of 13?
False
Does 92 divide 59064?
True
Does 19 divide 26961?
True
Is 4338609 a multiple of 33?
True
Does 6 divide 57738?
True
Is 26 a factor of 49270?
True
Is 7 a factor of 44328?
False
Is 195136 a multiple of 64?
True
Does 53 divide 1478453?
False
Is 31782 a multiple of 81?
False
Is 12 a factor of 290602?
False
Does 38 divide 352660?
False
Does 5 divide 167571?
False
Does 6 divide 126090?
True
Is 890 a factor of 68464?
False
Is 3657758 a multiple of 11?
False
Is 22 a factor of 1715186?
True
Is 7 a factor of 93020?
False
Does 16 divide 1261104?
True
Is 34830 a multiple of 475?
False
Does 14 divide 4060?
True
Does 303 divide 152431?
False
Is 251547 a multiple of 191?
True
Is 28 a factor of 1330670?
False
Is 91 a factor of 140853?
False
Is 37859 even?
False
Is 397 a factor of 3356400?
False
Is 236892 a multiple of 100?
False
Is 459 a factor of 415395?
True
Does 7 divide 1472051?
True
Is 184386 a multiple of 79?
True
Does 31 divide 369585?
False
Does 3 divide 1614750?
True
Does 3 divide 135628?
False
Does 6 divide 392100?
True
Does 29 divide 1289862?
True
Is 117600 a multiple of 49?
True
Is 34 a factor of 23868?
True
Is 278628 a multiple of 186?
True
Does 74 divide 109686?
False
Does 24 divide 4047261?
False
Is 324 a factor of 424440?
True
Is 141944 a multiple of 28?
False
Does 1013 divide 3871686?
True
Does 48 divide 34704?
True
Is 11545959 a multiple of 778?
False
Is 284005 a multiple of 79?
True
Does 20 divide 301180?
True
Does 16 divide 181765?
False
Is 9740 a multiple of 19?
False
Is 218 a factor of 317609?
False
Is 18 a factor of 13283082?
True
Is 402237 a multiple of 153?
True
Does 9 divide 351954?
True
Does 117 divide 1355729?
False
Is 75 a factor of 140175?
True
Is 6512597 a multiple of 66?
False
Does 31 divide 152954?
True
Does 49 divide 1107011?
False
Is 23733 a multiple of 18?
False
Is 62844 a multiple of 7?
False
Is 110210 a multiple of 26?
False
Is 428389 a multiple of 17?
False
Is 38 a factor of 3708496?
True
Is 40 a factor of 143920?
True
Is 1842296 even?
True
Does 2 divide 19339?
False
Is 116 a factor of 1611754?
False
Is 6873474 a multiple of 51?
True
Is 778 a factor of 5011098?
True
Is 25493 a multiple of 77?
False
Is 820496 a multiple of 304?
True
Is 1736 a factor of 10045077?
False
Is 27 a factor of 397845?
True
Is 9 a factor of 157176?
True
Is 104187 a multiple of 46?
False
Is 210 a factor of 99500?
False
Is 368 a factor of 138630?
False
Does 763 divide 6615210?
True
Is 5766548 a multiple of 214?
False
Is 282 a factor of 1303122?
